 is the hundreds digit of 65550604?
6
What is the millions digit of 7426448?
7
What is the ten millions digit of 238101715?
3
What is the ten millions digit of 315315648?
1
What is the millions digit of 102747845?
2
What is the tens digit of 6339773434?
3
What is the ten millions digit of 668167999?
6
What is the ten millions digit of 61868193?
6
What is the thousands digit of 182908267?
8
What is the thousands digit of 76326078?
6
What is the tens digit of 127588743?
4
What is the millions digit of 1707925226?
7
What is the tens digit of 173947430?
3
What is the tens digit of 1240058349?
4
What is the ten millions digit of 20735120?
2
What is the ten thousands digit of 240165367?
6
What is the millions digit of 15097150?
5
What is the hundred thousands digit of 32455133?
4
What is the billions digit of 1018525827?
1
What is the hundred millions digit of 122605312?
1
What is the ten millions digit of 4144941195?
4
What is the tens digit of 170919484?
8
What is the ten millions digit of 261282009?
6
What is the millions digit of 634909200?
4
What is the thousands digit of 99247547?
7
What is the hundreds digit of 303814018?
0
What is the ten thousands digit of 50277963?
7
What is the tens digit of 14986558?
5
What is the millions digit of 417436505?
7
What is the millions digit of 71080281?
1
What is the ten millions digit of 369037419?
6
What is the millions digit of 79624230?
9
What is the millions digit of 46375671?
6
What is the thousands digit of 21587986?
7
What is the ten millions digit of 24007071?
2
What is the thousands digit of 123712579?
2
What is the hundreds digit of 301529963?
9
What is the ten millions digit of 3964830152?
6
What is the millions digit of 559136089?
9
What is the hundred millions digit of 786480710?
7
What is the units digit of 60141281?
1
What is the hundreds digit of 703493480?
4
What is the tens digit of 622840154?
5
What is the units digit of 118817155?
5
What is the ten millions digit of 776047773?
7
What is the millions digit of 4240816038?
0
What is the hundreds digit of 105458591?
5
What is the ten thousands digit of 3219668427?
6
What is the ten millions digit of 330694044?
3
What is the ten thousands digit of 7143546448?
4
What is the hundred thousands digit of 212593110?
5
What is the millions digit of 1322240243?
2
What is the hundreds digit of 55458794?
7
What is the ten thousands digit of 206570681?
7
What is the ten thousands digit of 328268281?
6
What is the billions digit of 8203226715?
8
What is the hundreds digit of 3630735?
7
What is the hundred thousands digit of 90620273?
6
What is the millions digit of 6559492945?
9
What is the millions digit of 18675052?
8
What is the units digit of 44886106?
6
What is the hundred thousands digit of 364550667?
5
What is the ten thousands digit of 340034926?
3
What is the hundred thousands digit of 3423907371?
9
What is the ten thousands digit of 3110953631?
5
What is the thousands digit of 21267698?
7
What is the millions digit of 28800802?
8
What is the ten thousands digit of 156763966?
6
What is the ten millions digit of 1920470620?
2
What is the tens digit of 141284965?
6
What is the ten thousands digit of 1793092326?
9
What is the thousands digit of 150837563?
7
What is the tens digit of 1520849325?
2
What is the billions digit of 5006917371?
5
What is the thousands digit of 6442361425?
1
What is the thousands digit of 210695871?
5
What is the ten millions digit of 780408092?
8
What is the hundred thousands digit of 3051928006?
9
What is the hundreds digit of 232008637?
6
What is the hundreds digit of 971451588?
5
What is the hundreds digit of 463249622?
6
What is the tens digit of 70631160?
6
What is the hundreds digit of 29768640?
6
What is the hundreds digit of 247825307?
3
What is the ten millions digit of 1320118972?
2
What is the units digit of 2239819971?
1
What is the hundred thousands digit of 82645027?
6
What is the thousands digit of 2383107705?
7
What is the tens digit of 90000774?
7
What is the hundred thousands digit of 1118539930?
5
What is the tens digit of 5683550344?
4
What is the hundreds digit of 48243904?
9
What is the ten thousands digit of 14388750?
8
What is the hundreds digit of 1482595495?
4
What is the tens digit of 2296169141?
4
What is the hundred millions digit of 885123458?
8
What is the ten millions digit of 434093189?
3
What is the millions digit of 456796378?
6
What is the tens digit of 149879639?
3
What is the hundreds digit of 22567612?
6
What is the tens digit of 175786866?
6
What is the ten thousands digit of 57086330?
8
What is the thousands digit of 156788601?
8
What is the hundreds digit of 32208903?
9
What is the hundred thousands digit of 46584027?
5
What is the hundred thousands digit of 325436262?
4
What is the billions digit of 1280351945?
1
What is the tens digit of 148564959?
5
What is the ten thousands digit of 2317592954?
9
What is the ten millions digit of 168430278?
6
What is the ten thousands digit of 186536835?
3
What is the ten millions digit of 30848173?
3
What is the thousands digit of 106920640?
0
What is the tens digit of 41199122?
2
What is the ten thousands digit of 87698289?
9
What is the ten millions digit of 391553817?
9
What is the hundred millions digit of 1994448840?
9
What is the ten millions digit of 54739941?
5
What is the thousands digit of 26267790?
7
What is the units digit of 58165154?
4
What is the tens digit of 40248719?
1
What is the hundreds digit of 8903846?
8
What is the millions digit of 843764212?
3
What is the hundred thousands digit of 35079416?
0
What is the thousands digit of 73467869?
7
What is the ten thousands digit of 63612474?
1
What is the hundreds digit of 2647873437?
4
What is the hundred millions digit of 209079259?
2
What is the millions digit of 2552564540?
2
What is the tens digit of 198261162?
6
What is the millions digit of 98125794?
8
What is the hundreds digit of 513916715?
7
What is the tens digit of 916492651?
5
What is the ten thousands digit of 3246077918?
7
What is the hundreds digit of 721397775?
7
What is the hundred thousands digit of 6676485793?
4
What is the millions digit of 108497402?
8
What is the units digit of 328400481?
1
What is the tens digit of 475741181?
8
What is the millions digit of 4234252927?
4
What is the tens digit of 923673414?
1
What is the millions digit of 375487432?
5
What is the tens digit of 54694779?
7
What is the hundred thousands digit of 84476273?
4
What is the hundreds digit of 112985943?
9
What is the ten thousands digit of 17138006?
3
What is the ten thousands digit of 95607778?
0
What is the ten thousands digit of 2869466685?
6
What is the thousands digit of 32842972?
2
What is the units digit of 191759671?
1
What is the ten millions digit of 174142990?
7
What is the units digit of 65201263?
3
What is the hundreds digit of 550171226?
2
What is the ten millions digit of 46295996?
4
What is the hundred millions digit of 1144196963?
1
What is the units digit of 2478502487?
7
What is the ten thousands digit of 67147742?
4
What is the thousands digit of 201009588?
9
What is the ten millions digit of 44970921?
4
What is the hundred thousands digit of 17239830?
2
What is the hundred thousands digit of 851716858?
7
What is the units digit of 59831731?
1
What is the tens digit of 14676675?
7
What is the millions digit of 93249247?
3
What is the ten millions digit of 61364454?
6
What is the units digit of 540471117?
7
What is the units digit of 105541071?
1
What is the hundreds digit of 313266984?
9
What is the units digit of 113780744?
4
What is the thousands digit of 1423378222?
8
What is the units digit of 27939849?
9
What is the units digit of 4215053338?
8
What is the tens digit of 741714083?
8
What is the ten thousands digit of 154711385?
1
What is the hundred thousands digit of 1444072?
4
What is the thousands digit of 6473442?
3
What is the thousands digit of 84600814?
0
What is the units digit of 56412328?
8
What is the ten thousands digit of 873307974?
0
What is the millions digit of 33376538?
3
What is the millions digit of 80294447?
0
What is the tens digit of 998576440?
4
What is the units digit of 3597976028?
8
What is the ten millions digit of 1248211563?
4
What is the billions digit of 4996547012?
4
